= -5*f + 4*f - 26. What is the units digit of h?
6
Let p = 2427 - 1381. Suppose 4*o = 3*v + 1587, 3*o - p = -3*v + 160. What is the units digit of o?
9
Suppose 4*s = 2*i + 546, 2*s = 5*i + 5*s + 1378. Let u = 40 - i. Suppose -3*w = 3*d - u, -d = -0*d + 5*w - 113. What is the tens digit of d?
0
Let s(m) = m**3 - 2*m**2 - 1. Let a be s(-3). Let b = a + 48. Suppose -3*o + 342 = -0*o - 2*q, -228 = -b*o - 3*q. What is the tens digit of o?
1
Let k be 2/(6/45*3). What is the units digit of ((-70)/(-22) + (-12)/66)*k?
5
Suppose 0 = -2*t - 8, 8*f - 3*f - 166 = -t. What is the units digit of (1411/f)/(1/12)?
8
Let g = 3076 - 1543. Let h be 14/21*g/2. Suppose -t - h = -8*t. What is the tens digit of t?
7
Suppose -139222 = -11*h - 35811. What is the hundreds digit of h?
4
Let n be 36/30 + (-20142)/(-15). Let t = 2282 - n. What is the units digit of t?
8
Let g(h) = -86*h - 1416. What is the hundreds digit of g(-27)?
9
Let o = 145 + -78. Suppose -2*d = -87 - o. Let l = 148 - d. What is the tens digit of l?
7
Let i(j) = j**3 + 22*j**2 - 34*j + 24. Let v be i(-21). Suppose y = -314 + v. What is the tens digit of y?
6
Let v(b) = b**3 - 40*b**2 + 243*b + 32. What is the thousands digit of v(36)?
3
Let k = -2 - -2. Let j = -1401 + 1404. Suppose j*o + k = 36. What is the units digit of o?
2
Suppose 24*q - 6657 = 3*q. Suppose 2*x = o - q, 0*x - 1593 = -5*o + 2*x. What is the hundreds digit of o?
3
Let a(w) = w**2 + 22*w + 72. Suppose 0 = 33*f - 51*f - 684. What is the units digit of a(f)?
0
Suppose -5*r = 3*h - 4176 + 1590, -h - 3 = 0. Suppose 3*j + r = z - 0*j, 0 = -4*z - 5*j + 2110. What is the tens digit of z?
2
Let w be -7 - 50/(-6) - (-12)/(-9). Suppose w = 4*y - 2*g - 2238, 547 = -16*y + 17*y + 2*g. What is the units digit of y?
7
Suppose -5*g + 11 = -24. Let m = -2067 - -3227. Suppose -g*f + m = f. What is the units digit of f?
5
Suppose -6*f + 64568 = -4*u - 114076, -3*f = -4*u - 89328. What is the tens digit of f?
7
Let q(k) = 4*k + 8. Let f(v) = -9*v - 15. Let y(a) = 3*f(a) + 7*q(a). Let n be y(-7). Let i(d) = d**2 - d - 3. What is the units digit of i(n)?
9
Suppose 23*c - 1314064 = -490917. What is the hundreds digit of c?
7
Suppose -243*i - 26868 = -4*j - 245*i, -4*j + 4*i + 26832 = 0. What is the thousands digit of j?
6
Let i = -19483 - -44152. What is the ten thousands digit of i?
2
Suppose -19*c + c + 6210 = 0. Let o = 828 - c. What is the hundreds digit of o?
4
Suppose 23*i + 7 = 16*i. What is the hundreds digit of (2578 + i)/3 + -1 + 1?
8
Let z be (-68)/(-14) + (-3)/(-30 - -9). Let k be ((-9)/(-3))/(2/34). Let g = z + k. What is the units digit of g?
6
Suppose 3*q = 4*k - 25369, 426*q + 31724 = 5*k + 418*q. What is the hundreds digit of k?
3
Let p = 47350 + -24950. What is the hundreds digit of p?
4
Let m(z) = -z**3 + 8*z**2 + 6*z - 10. Let j = -28 - -35. Let d be m(j). Suppose -d = -3*t + 102. What is the units digit of t?
1
Suppose 805 = 21*l + 196. Let m = 216 - 121. Let n = m + l. What is the units digit of n?
4
Let n(l) = 2*l**2 - 9*l + 2. Let f be n(7). Suppose -6 + 24 = 3*z - 3*u, -2*z + u + 9 = 0. Let t = z + f. What is the tens digit of t?
4
Let p be 12/66 - 3*7204/44. Let m = p - -867. What is the hundreds digit of m?
3
Let j(b) = -b**2 - 9*b + 5. Let f be j(3). What is the tens digit of 3 + f/11 + (-206010)/(-231)?
9
Let p(d) be the second derivative of 73*d**3/6 - 7*d**2/2 + 9*d. What is the tens digit of p(5)?
5
Let d = -8118 - -14570. What is the tens digit of d?
5
What is the units digit of (-4)/(-6) - 1 - 1439438/(-546)?
6
Let r = 52711 - 34388. What is the tens digit of r?
2
Let p = 18572 + -7561. What is the units digit of p?
1
Let s be 520/39*12/10. Suppose s*y - 786 = 14*y. What is the tens digit of y?
9
Let a(s) = 18*s - 5 + 11 + 5 - s**2. Let q be a(11). Let m = q - 44. What is the units digit of m?
4
Suppose 0 = 7*h + 1449 - 4053. Suppose -2*z = 82 - h. What is the tens digit of z?
4
Suppose -27*t + 262 = 19. Suppose -4194 = t*k - 16938. What is the thousands digit of k?
1
Suppose -64*s + 791351 = 33720 - 387009. What is the hundreds digit of s?
8
Suppose -5*a + 51087 = 3*l, -4*l + 2070 = 2*a - 18376. What is the units digit of a?
5
What is the hundreds digit of (-94)/(-329) - (5332/(-7) + -4)?
7
Let t(h) = -2*h - 33. Let x be t(-15). Let k be -4 - x - (-2 + -14). Suppose k*b - 12*b - 216 = 0. What is the units digit of b?
2
Let y(z) = -2*z + 20. Let m be (-1 - 3)*(3 + -5). Let n be y(m). Suppose -4*v + 320 = 2*g, 0*g = n*v - g - 332. What is the tens digit of v?
8
Let l(y) = -2*y**2 - 3*y. Let h be l(-2). What is the tens digit of h/6 - 4814/(-6)?
0
Suppose 3*s = -3*l - 990, l + 4*s = 2*l + 345. Let x = l - -1054. What is the units digit of x?
1
Let q = -533 + 2136. What is the thousands digit of q?
1
Let h(n) = -8*n + 0*n + 4 - 11 - 17. Let k be h(-3). Suppose k = -s + 2*s - 165. What is the tens digit of s?
6
Let w(v) = -957*v**3 - 27*v**2 - 51*v - 6. What is the hundreds digit of w(-2)?
6
Let y be (4/(-8))/(((-9)/6)/(-3)). What is the hundreds digit of (y + (-13362)/18)*9/(-6)?
1
Suppose -p + 3*p - m - 11 = 0, 3*p = 3*m + 21. Let w be (2 + 6/p)/((-12)/24). Let c(h) = h**2 + 4*h - 10. What is the units digit of c(w)?
1
Let p be (-44817)/(-24) + 3/(-8). Let a = p + -1249. What is the units digit of a?
8
Let z be -5 - -9 - (0 + 0). Suppose 3*i = z*i. What is the units digit of (-4)/28 - (380/(-14) - i)?
7
Let k = 4467 - 1642. What is the tens digit of k?
2
Let s = 52 + -31. Let b be 3/7 + 180/s. Let o = b - -2. What is the units digit of o?
1
Suppose 55 = s + 4*s - 3*p, 4*s + 2*p - 44 = 0. Suppose 0 = -4*k - t + 57 + s, 12 = 3*t. Suppose -j = -5*j + k. What is the units digit of j?
4
Suppose 2*i - 3*n = -13, 4*i + n + 5 = -0*n. Let u be 930/((i - -4)/2). Suppose -18*x = -8*x - u. What is the units digit of x?
3
Let y be -106*((-3)/(-2))/3*-1. Let k = y + -9. Let z = k - -43. What is the tens digit of z?
8
Suppose 4*a + 28 = 2*w + 2*a, -3*w + 45 = -4*a. Suppose -w*f = -9*f - 152. What is the tens digit of f?
7
Suppose 6208 = 4*l - 4*x, 12*x = 4*l + 7*x - 6205. What is the units digit of l?
5
Let o(g) = -9*g + 40. Let k be o(4). Suppose 0 = -2*v + 4 + 4, -k*j - 2*v = -3672. What is the hundreds digit of j?
9
Let t(j) = 309*j - 72. Let m be t(-7). Let z = -1550 - m. What is the units digit of z?
5
Suppose 0 = 16*y - 594 + 86466. What is the units digit of y/(-3) - (-1 - -1)?
9
Let y = 422 - 418. Suppose -6 - 30 = -2*d. Suppose -y*k + 53 = -u, -4*k - u + d = -33. What is the units digit of k?
3
Suppose 18*z - 14*z = 4*q - 156, -4*z = -12. Let g(u) = -u**3 + 42*u**2 + 6*u - 34. What is the hundreds digit of g(q)?
2
Let v be -1 - 3/2*-10. Let b = -5623 + 5743. Let d = b - v. What is the tens digit of d?
0
Suppose -22*l = 15*l - 6*l - 63271. What is the tens digit of l?
4
Let s be -15 + 8 - 693/3. Let k = s - -562. What is the units digit of k?
4
Let v = 4184 + -2362. What is the tens digit of v?
2
Let u = -2085 + 2774. What is the units digit of u?
9
Suppose -33 = -5*a - 2*w, -3*a + 0 = -5*w + 5. Let b(i) = -215*i - 10. Let n(p) = 152*p + 6. Let y(f) = -5*b(f) - 7*n(f). What is the units digit of y(a)?
3
Let b(c) = -c**2 - 13*c - 33. Let r be b(-10). Let o(m) = m**2 - 7. Let l be o(r). What is the tens digit of (3 - l)*(-1)/((-4)/332)?
8
Let n = -10660 - -23909. What is the ten thousands digit of n?
1
Suppose 3*k + 2061 = 2*o + 3*o, -3*o + 1227 = -5*k. Let m be 32/(-12)*1512/(-576). What is the tens digit of m/((-21)/o)*(-4)/6?
9
Let z be (-10)/(-3)*4*(-15)/(-40). Suppose z*l = -l + 12. Suppose -25 = -5*c, 2*w + 0*c = -l*c + 162. What is the tens digit of w?
7
Let w(g) = g**2 - 16*g - 12. Let r be w(17). Suppose -4*b - r*j = -3*b - 8, 0 = 2*b - j - 5. Suppose -b*h = -2*h - 48. What is the tens digit of h?
4
Let x be (-1391)/(-273) + 2/(-21). Suppose w - 536 = -3*d + 47, -x*d = -2*w - 979. What is the units digit of d?
5
Suppose 72492 = 3*g - p, 5*g + p = 2*p + 120814. What is the hundreds digit of g?
1
Let j(x) = -25*x + 67 + 13*x + 10. What is the units digit of j(-4)?
5
Suppose 3*r - 4*s - 88416 = 15569, s = -8. What is the units digit of r?
1
Let w be (-4)/(10/(-4) + 3 + 0). Let u(s) = -2*s - 12. Let z be u(w). Suppose z*f = 184 + 128. What is the units digit of f?
8
Suppose -30*u + 23*u = -77. Suppose -2*z + 3*t + 2378 =